?
-5
Suppose -70 = -2*z + 3*z - 3*n, -4*n = -5*z - 317. Let s = -69 - z. Let f(d) = -d - 10. What is f(s)?
-2
Suppose -4*t - g = 4*g + 13, -5*g - 19 = 2*t. Let l(w) = w**t - 47*w**2 + 40*w**2 - 13*w + 3*w + 4. Determine l(8).
-12
Let h(f) = -3 + f + f**3 - 7*f**2 + 2 + 13*f**2. Let g be 81/(-36)*8/3. Give h(g).
-7
Let f(w) = -2*w**2 + w - 4. Suppose 14 = 8*q - 10*q. Let d(b) = b**2 - b + 2. Let o(m) = q*d(m) - 3*f(m). Let u(r) = -8*r - 83. Let l be u(-11). Calculate o(l).
-7
Let a = 4168 - 4174. Let j(k) = k - 2*k**3 - 5*k**2 + k**3 - k**2. Give j(a).
-6
Let s(i) be the first derivative of i**4/4 - 5*i**2/2 + 2*i + 27. Let v(x) = x**2 + x. Let j be v(4). Suppose -4*b - j = 0, 4*l + 2*b + 4 = 2*l. What is s(l)?
14
Let n(y) = -y**3 - 21*y**2 - 36*y + 38. Let t be n(-19). Let r(q) = -2*q - 30. Give r(t).
-30
Let f(g) = 4. Let l(d) = d + 2. Let v(u) = 2*f(u) - l(u). Give v(8).
-2
Let f = -12 - -12. Let n(v) = -7 + f + 13 - 2*v. Calculate n(6).
-6
Let k(n) = -n**3 + 3*n**2 + 5*n + 1. Let w = -11 - -11. Suppose w = -4*f - 20 - 4. Let u be (-23)/f - 10/(-60). Calculate k(u).
5
Let q(f) = -4*f. Let n(d) = 9*d**2 + 64*d + 5. Let r be n(-7). Give q(r).
8
Suppose -9*k + 143 = -28. Let i be (-6)/4*(7 - k/3). Let g(p) = 4*p**3 - p**2 - p. Give g(i).
-4
Let m(z) = 2*z**2 + 4*z + 3. Suppose -27 + 9 = 9*a. Give m(a).
3
Suppose 2*p + 5 = -3*d + 4*p, 0 = 2*d - 3*p + 10. Let c(n) = -n**2 + n - 2. Calculate c(d).
-2
Let t(r) = r**2 - 9*r - 3. Suppose 0 = 2*i - 2*d - 22, -5*d = -12*i + 14*i + 6. Give t(i).
-17
Let r(q) = -q**2 - 7*q + 20. Suppose -15*v = -11*v + 3*c + 39, -3*c = -6*v - 51. What is r(v)?
2
Suppose 9*m - 12*m = 0. Let y(t) = -t + 1. Give y(m).
1
Suppose 57 = -3*l + 2*a, -4*l - 2*a - 56 = 2*a. Let n(k) = -2*k**2 - 5*k + 8. Let r(h) = -6*h**2 - 14*h + 23. Let g(q) = l*n(q) + 6*r(q). Calculate g(-2).
-8
Let i(j) be the third derivative of j**5/60 + 7*j**4/24 - j**3/3 - 5*j**2 - 9*j. Give i(-8).
6
Let l be -8 - (-23 + 300/25). Let h(b) = 5*b - 1 - 2*b**2 + 0 - 2. What is h(l)?
-6
Let c(o) = -o**3 - 8*o**2 - 9*o + 4. Let d be c(-6). Let l(q) = q**3 + 13*q**2 - 14*q + 9. Give l(d).
9
Let u(s) be the first derivative of s**2 - 1/12*s**5 + 1/120*s**6 + 1 + 0*s + 7/6*s**3 + 0*s**4. Let y(c) be the second derivative of u(c). Give y(5).
7
Let a = -122 - -105. Let c(r) = -14*r**2 - 32*r + 3. Let y(g) = 5*g**2 + 11*g - 1. Let l(k) = a*y(k) - 6*c(k). Calculate l(4).
3
Suppose -4*c = -0*c - 5*h + 10, -c - 5*h - 15 = 0. Let a(s) = s**3 - 2*s**3 + 354*s - 705*s - 6*s**2 + 346*s. Give a(c).
0
Let b(f) = f - 2. Suppose 0 = h + 1, -3*l + h - 11 = -6*l. Let x be b(l). Let k(y) = 4*y**2 - 4*y**x + 12*y - 13*y + 8*y**3 + 2*y**2. Calculate k(1).
9
Suppose -o + 0*o + w = 0, 15 = 5*w. Let v(i) = -10*i - o + 12*i + 3. Determine v(-2).
-4
Suppose -36 = -3*w - 27. Let r(b) = -9*b - 4*b**2 + 5 + 5*b + b**w + 0*b. Let h be (-2)/(-8) - 38/(-8). Calculate r(h).
10
Suppose 4*z + 4 = -12. Let c(f) = -f**3 - 3*f**2 + f - 14. Let m be c(z). Let q(i) = i**2 + 3*i + 3. Give q(m).
1
Let v(n) = n**3 - 2*n**2 + n - 1. Let i(s) = -6*s**3 + 16*s**2 - 4*s. Let r(j) = i(j) + 5*v(j). Give r(6).
1
Suppose 10 = 5*g - 2*c, c - 3*c - 6 = -4*g. Let j(k) = -4*k**3 - 4*k**2 + 7*k - 11. Let s(z) = z**3 - z + 1. Let h(o) = -j(o) - 5*s(o). Give h(g).
-2
Let j(c) = -26 - 4*c**2 - 4*c**3 + 30 + 4*c**3 + c**3 - 2*c. Let p = 19 - 14. What is j(p)?
19
Suppose -67 = -4*k + 109. Let a = k - 47. Let d(x) = 2*x**2 + x + 1 - 2 + 1 - 3. Give d(a).
12
Let l(t) be the second derivative of -5*t**2 + 11*t - 1/6*t**3 + 0. What is l(0)?
-10
Let m = -18 - -43. Let p(a) = -8 - 11 - m*a + 3 + 26*a. Calculate p(9).
-7
Let s(i) be the third derivative of -i**6/120 + i**5/20 + i**4/8 - 2*i**3/3 + 575*i**2. What is s(3)?
5
Let q(b) = -b**3 + 6*b**2 - 6*b + 9. Let i(g) = g**3 - 5*g + 3. Let r be i(-2). Give q(r).
4
Suppose 5*i - 131 = -31. Let o be ((-6)/5)/(4/i). Let j(n) be the second derivative of n**4/12 + 4*n**3/3 + 2*n**2 - n. Give j(o).
-8
Let v be 104/260 + 54/(-10). Let m(i) = 3*i + 20. Determine m(v).
5
Let a(k) be the first derivative of k**4/2 + 2*k**3 + k**2 - 10. Let r(i) = -3*i**3 - 11*i**2 - 4*i - 1. Let f(j) = -5*a(j) - 3*r(j). What is f(4)?
-5
Let u(w) = -2*w**2 + 8*w + 5. Let c = -746 + 752. Calculate u(c).
-19
Let j(h) = 8*h - 59. Let q be j(8). Let l(a) = -q*a**2 + 2 - a + 2*a**2 + 5*a**2. Give l(-3).
23
Let y = 33 - 31. Let a(z) = -4*z**2 + z**y - 3*z**2 + z**3. Calculate a(6).
0
Let u(p) = -16 + 45*p**2 - 7*p + 38*p**2 - 82*p**2. Calculate u(9).
2
Let t(k) = -2*k - 4. Suppose -2*f + 36 - 40 = 0. Calculate t(f).
0
Let j(m) be the third derivative of -m**4/8 - m**3/6 + 3*m**2. Let w(c) = -4*c - 1. Let v be w(-1). Let a be 21/v + -2 - 3. Calculate j(a).
-7
Let g(f) = f**3 - 2*f**2 - 2*f + 2. Let h = -17 - -19. Suppose -5*b = -5*x - 95, 2*b - 4*b = h*x - 18. Let m = 16 - b. Determine g(m).
-2
Let j = -31 - -36. Let q(d) = 25*d + 7. Let y(a) = 12*a + 3. Let l(m) = j*y(m) - 2*q(m). What is l(-1)?
-9
Let u(h) be the first derivative of 3 + 1/2*h**2 - 1/3*h**4 + 1/20*h**5 - h + 1/3*h**3. Let q(n) be the first derivative of u(n). Determine q(2).
-3
Let z(s) = 63*s + 28. Let l(u) = 11*u + 5. Let a(i) = 34*l(i) - 6*z(i). Suppose -g = -5*c - 0*g - 38, -4*g - 8 = 0. Let x = -6 - c. Calculate a(x).
-6
Let t(w) = -2*w**3 - 5*w**2 - 2*w. Suppose 0 = -5*v + 16 - 31. Determine t(v).
15
Let o(q) = -q**3 + 8*q**2 - 5*q - 1. Let s(f) = -14*f - 37. Let c be s(-3). What is o(c)?
49
Let v(w) = 2*w - 1. Let t(f) = 7*f + 9. Let g(s) = -t(s) + 3*v(s). Give g(-17).
5
Let t be (-200)/48 - (-6)/36. Let j(g) = g**3 + 4*g**2 - 2*g - 2. What is j(t)?
6
Let x(r) be the third derivative of -r**5/60 - r**4/24 - 4*r**3/3 + 5*r**2 - 7*r. Give x(0).
-8
Suppose -18*h + 21 = -21*h. Let c(f) = f**3 + 8*f**2 + 3*f - 9. Determine c(h).
19
Suppose 0 = 5*k - 0*k, 0 = -5*j - 5*k - 10. Let v = j - -2. Let a(u) = -u**3 + u + 1. Let g(z) = -z**3 + 3*z - 6. Let c(h) = -2*a(h) + g(h). Determine c(v).
-8
Let y = 22 - 3. Let k(v) = -34*v + 16*v + y*v. Calculate k(-6).
-6
Let z(b) = -2*b - 12. Let g be z(-7). Let s be g - (-6 + (2 - -2)). Let k(w) = w**3 - 6*w**2 + 3*w - 2. Determine k(s).
-22
Let j = 31 - 25. Suppose -7 = 5*w - j*w. Let x(k) = -w + 2*k - k**3 - 5 - 4*k**2 + 13. Determine x(-4).
-7
Let h(r) = -2*r - 10. Let z = -49 + 53. Suppose -5 + 33 = -z*f. Calculate h(f).
4
Let h(s) = s. Let j(f) = 5*f - 6. Let x(u) = h(u) - j(u). Let i be x(3). Let n be (12 + i)/((-3)/(-2)). Let z(d) = -d**3 + 4*d**2 - 1. What is z(n)?
-1
Let w(o) be the third derivative of o**4/6 - o**3/3 + 292*o**2. Give w(-1).
-6
Let q(z) be the third derivative of z**7/5040 + z**6/180 + z**5/20 + 3*z**2. Let a(r) be the third derivative of q(r). Suppose 5 + 5 = -5*l. What is a(l)?
2
Let u(d) = -d**3 - 5*d**2 + 3*d + 9. Let c = 207 + -212. Calculate u(c).
-6
Let p(a) = -5*a - 5. Let y be p(-4). Let n = -18 + y. Let l(t) = -3*t - 1. Give l(n).
8
Let z(u) = 3*u + 7. Suppose -11*f + 25 = -6*f. Suppose -n - 6 = a - 4, f*n + 4*a = -11. Let g be -3 - (-1)/(n/9). Give z(g).
-11
Let b(r) be the first derivative of r**4/12 - 5*r**2/2 - r - 7. Let l(k) be the first derivative of b(k). Calculate l(0).
-5
Let r(v) be the third derivative of -v**4/24 - v**3/2 + v**2. Let y = -845 - -842. Give r(y).
0
Let q(m) = m**3 + 4*m**2 - 4. Suppose -3*o + 4 + 23 = 0. Suppose -11*z = -9*z + 3*i + 14, i - 43 = 3*z. Let s = z + o. Calculate q(s).
-4
Let c(n) = -16090*n**2 - 7*n + n**3 + 16081*n**2 - 6*n. Calculate c(10).
-30
Let j(r) = 1. Let c(q) = -q**3 + 12*q**2 + 12*q + 12. Let i be c(13). Let l(w) = w. Let s(t) = i*l(t) + 6*j(t). What is s(3)?
3
Suppose 2*y = -3*q - q + 12, -4*q + 3*y + 12 = 0. Let b(g) = -52 + 2*g + g**3 - 6*g**3 + 0*g**q + 53. Determine b(-1).
4
Let b be 3 - 4*(-3)/(-12). Let j(i) = -4*i**3 - i**2 - 2. What is j(b)?
-38
Suppose -5*i + 4*q + 10 = 0, -4*i - 5*q + 8 = -2*q. Let v be (3 - 10/3) + (-52)/(-39). Let d(p) = -1 + 2 - i*p + v. What is d(7)?
-12
Let p = 39 + -38. Let u(t) = t - 1. Calculate u(p).
0
Let c(l) = 9*l + 4 + 13*l**2 - 33*l**2 + 28*l**2 - l**3. What is c(9)?
4
Suppose -o = 11*z - 13*z - 133, -3*z = 4*o - 554. Suppose -3*w = -o + 143. Let m(u) = u**2 + u + 2. Calculate m(w).
4
Suppose -5*r + 2*r - 6 = 0. Let n be 14/12*3*r. Let y(l) = l + 8. Calculate y(n).
1
Let s(m) 